{"id":7,"date":"2020-10-30T11:07:14","date_gmt":"2020-10-30T11:07:14","guid":{"rendered":"http:\/\/www.sokkerpaek.nu\/?page_id=7"},"modified":"2022-03-04T10:26:17","modified_gmt":"2022-03-04T10:26:17","slug":"home","status":"publish","type":"page","link":"https:\/\/www.sokkerpaek.nu\/","title":{"rendered":"Home"},"content":{"rendered":"\t\t<div data-elementor-type=\"wp-page\" data-elementor-id=\"7\" class=\"elementor elementor-7\" data-elementor-settings=\"[]\">\n\t\t\t\t\t\t<div class=\"elementor-inner\">\n\t\t\t\t\t\t\t<div class=\"elementor-section-wrap\">\n\t\t\t\t\t\t\t<section class=\"elementor-section elementor-top-section elementor-element elementor-element-0532576 elementor-section-height-full elementor-section-items-stretch elementor-section-stretched elementor-section-boxed elementor-section-height-default\" data-id=\"0532576\" data-element_type=\"section\" data-settings=\"{&quot;stretch_section&quot;:&quot;section-stretched&quot;,&quot;background_background&quot;:&quot;classic&quot;}\">\n\t\t\t\t\t\t\t<div class=\"elementor-background-overlay\"><\/div>\n\t\t\t\t\t\t\t<div class=\"elementor-container elementor-column-gap-default\">\n\t\t\t\t\t\t\t<div class=\"elementor-row\">\n\t\t\t\t\t<div class=\"elementor-column elementor-col-100 elementor-top-column elementor-element elementor-element-edbd489\" data-id=\"edbd489\" data-element_type=\"column\">\n\t\t\t<div class=\"elementor-column-wrap elementor-element-populated\">\n\t\t\t\t\t\t\t<div class=\"elementor-widget-wrap\">\n\t\t\t\t\t\t<div class=\"elementor-element elementor-element-25194ba elementor-widget elementor-widget-heading\" data-id=\"25194ba\" data-element_type=\"widget\" data-widget_type=\"heading.default\">\n\t\t\t\t<div class=\"elementor-widget-container\">\n\t\t\t<h2 class=\"elementor-heading-title elementor-size-default\">DE AAJE S\u00d4KKERP\u00c1EK-KRANT<\/h2>\t\t<\/div>\n\t\t\t\t<\/div>\n\t\t\t\t<div class=\"elementor-element elementor-element-6ac41fe elementor-widget elementor-widget-text-editor\" data-id=\"6ac41fe\" data-element_type=\"widget\" data-widget_type=\"text-editor.default\">\n\t\t\t\t<div class=\"elementor-widget-container\">\n\t\t\t\t\t\t\t\t<div class=\"elementor-text-editor elementor-clearfix\">\n\t\t\t\t<p>Kroniek van 3&#215;11 bijzondere jaren<\/p><p>\u00a0<\/p><p>info@deaajsokkerpaek.nl \/ +31 (0)6 5135 5335<\/p>\t\t\t\t\t<\/div>\n\t\t\t\t\t\t<\/div>\n\t\t\t\t<\/div>\n\t\t\t\t<section class=\"elementor-section elementor-inner-section elementor-element elementor-element-37e3b6f elementor-section-boxed elementor-section-height-default elementor-section-height-default\" data-id=\"37e3b6f\" data-element_type=\"section\">\n\t\t\t\t\t\t<div class=\"elementor-container elementor-column-gap-default\">\n\t\t\t\t\t\t\t<div class=\"elementor-row\">\n\t\t\t\t\t<div class=\"elementor-column elementor-col-50 elementor-inner-column elementor-element elementor-element-4817604\" data-id=\"4817604\" data-element_type=\"column\">\n\t\t\t<div class=\"elementor-column-wrap elementor-element-populated\">\n\t\t\t\t\t\t\t<div class=\"elementor-widget-wrap\">\n\t\t\t\t\t\t<div class=\"elementor-element elementor-element-03115e6 elementor-align-justify elementor-widget elementor-widget-button\" data-id=\"03115e6\" data-element_type=\"widget\" data-widget_type=\"button.default\">\n\t\t\t\t<div class=\"elementor-widget-container\">\n\t\t\t\t\t<div class=\"elementor-button-wrapper\">\n\t\t\t<a href=\"http:\/\/www.sokkerpaek.nu\/wp-content\/uploads\/2021\/02\/De-Aaj-Sokkerpaek-nr.01.pdf\" target=\"_blank\" class=\"elementor-button-link elementor-button elementor-size-sm\" role=\"button\">\n\t\t\t\t\t\t<span class=\"elementor-button-content-wrapper\">\n\t\t\t\t\t\t<span class=\"elementor-button-text\">De Aaj S\u00f4kerp\u00e1ek - NR1<\/span>\n\t\t<\/span>\n\t\t\t\t\t<\/a>\n\t\t<\/div>\n\t\t\t\t<\/div>\n\t\t\t\t<\/div>\n\t\t\t\t\t\t<\/div>\n\t\t\t\t\t<\/div>\n\t\t<\/div>\n\t\t\t\t<div class=\"elementor-column elementor-col-50 elementor-inner-column elementor-element elementor-element-7bad020\" data-id=\"7bad020\" data-element_type=\"column\">\n\t\t\t<div class=\"elementor-column-wrap elementor-element-populated\">\n\t\t\t\t\t\t\t<div class=\"elementor-widget-wrap\">\n\t\t\t\t\t\t<div class=\"elementor-element elementor-element-35ae521 elementor-align-justify elementor-widget elementor-widget-button\" data-id=\"35ae521\" data-element_type=\"widget\" data-widget_type=\"button.default\">\n\t\t\t\t<div class=\"elementor-widget-container\">\n\t\t\t\t\t<div class=\"elementor-button-wrapper\">\n\t\t\t<a href=\"http:\/\/www.sokkerpaek.nu\/wp-content\/uploads\/2021\/02\/De-Aaj-Sokkerpaek-nr.-02.pdf\" target=\"_blank\" class=\"elementor-button-link elementor-button elementor-size-sm\" role=\"button\">\n\t\t\t\t\t\t<span class=\"elementor-button-content-wrapper\">\n\t\t\t\t\t\t<span class=\"elementor-button-text\">De Aaj S\u00f4kerp\u00e1ek - NR2<\/span>\n\t\t<\/span>\n\t\t\t\t\t<\/a>\n\t\t<\/div>\n\t\t\t\t<\/div>\n\t\t\t\t<\/div>\n\t\t\t\t\t\t<\/div>\n\t\t\t\t\t<\/div>\n\t\t<\/div>\n\t\t\t\t\t\t\t\t<\/div>\n\t\t\t\t\t<\/div>\n\t\t<\/section>\n\t\t\t\t<section class=\"elementor-section elementor-inner-section elementor-element elementor-element-6e9bf68 elementor-section-boxed elementor-section-height-default elementor-section-height-default\" data-id=\"6e9bf68\" data-element_type=\"section\">\n\t\t\t\t\t\t<div class=\"elementor-container elementor-column-gap-default\">\n\t\t\t\t\t\t\t<div class=\"elementor-row\">\n\t\t\t\t\t<div class=\"elementor-column elementor-col-50 elementor-inner-column elementor-element elementor-element-6e3317a\" data-id=\"6e3317a\" data-element_type=\"column\">\n\t\t\t<div class=\"elementor-column-wrap elementor-element-populated\">\n\t\t\t\t\t\t\t<div class=\"elementor-widget-wrap\">\n\t\t\t\t\t\t<div class=\"elementor-element elementor-element-3eba507 elementor-align-justify elementor-widget elementor-widget-button\" data-id=\"3eba507\" data-element_type=\"widget\" data-widget_type=\"button.default\">\n\t\t\t\t<div class=\"elementor-widget-container\">\n\t\t\t\t\t<div class=\"elementor-button-wrapper\">\n\t\t\t<a href=\"http:\/\/www.sokkerpaek.nu\/wp-content\/uploads\/2022\/02\/De-Aaj-Sokkerpaek-nr.-3.pdf\" target=\"_blank\" class=\"elementor-button-link elementor-button elementor-size-sm\" role=\"button\">\n\t\t\t\t\t\t<span class=\"elementor-button-content-wrapper\">\n\t\t\t\t\t\t<span class=\"elementor-button-text\">De Aaj S\u00f4kerp\u00e1ek - NR3<\/span>\n\t\t<\/span>\n\t\t\t\t\t<\/a>\n\t\t<\/div>\n\t\t\t\t<\/div>\n\t\t\t\t<\/div>\n\t\t\t\t\t\t<\/div>\n\t\t\t\t\t<\/div>\n\t\t<\/div>\n\t\t\t\t<div class=\"elementor-column elementor-col-50 elementor-inner-column elementor-element elementor-element-fa140d5\" data-id=\"fa140d5\" data-element_type=\"column\">\n\t\t\t<div class=\"elementor-column-wrap elementor-element-populated\">\n\t\t\t\t\t\t\t<div class=\"elementor-widget-wrap\">\n\t\t\t\t\t\t<div class=\"elementor-element elementor-element-49cb7d1 elementor-align-justify elementor-widget elementor-widget-button\" data-id=\"49cb7d1\" data-element_type=\"widget\" data-widget_type=\"button.default\">\n\t\t\t\t<div class=\"elementor-widget-container\">\n\t\t\t\t\t<div class=\"elementor-button-wrapper\">\n\t\t\t<a href=\"http:\/\/www.sokkerpaek.nu\/wp-content\/uploads\/2022\/02\/SKR-2021-04.pdf\" target=\"_blank\" class=\"elementor-button-link elementor-button elementor-size-sm\" role=\"button\">\n\t\t\t\t\t\t<span class=\"elementor-button-content-wrapper\">\n\t\t\t\t\t\t<span class=\"elementor-button-text\">De Aaj S\u00f4kerp\u00e1ek - NR4<\/span>\n\t\t<\/span>\n\t\t\t\t\t<\/a>\n\t\t<\/div>\n\t\t\t\t<\/div>\n\t\t\t\t<\/div>\n\t\t\t\t\t\t<\/div>\n\t\t\t\t\t<\/div>\n\t\t<\/div>\n\t\t\t\t\t\t\t\t<\/div>\n\t\t\t\t\t<\/div>\n\t\t<\/section>\n\t\t\t\t<section class=\"elementor-section elementor-inner-section elementor-element elementor-element-04b211f elementor-section-boxed elementor-section-height-default elementor-section-height-default\" data-id=\"04b211f\" data-element_type=\"section\">\n\t\t\t\t\t\t<div class=\"elementor-container elementor-column-gap-default\">\n\t\t\t\t\t\t\t<div class=\"elementor-row\">\n\t\t\t\t\t<div class=\"elementor-column elementor-col-50 elementor-inner-column elementor-element elementor-element-ec473cb\" data-id=\"ec473cb\" data-element_type=\"column\">\n\t\t\t<div class=\"elementor-column-wrap elementor-element-populated\">\n\t\t\t\t\t\t\t<div class=\"elementor-widget-wrap\">\n\t\t\t\t\t\t<div class=\"elementor-element elementor-element-6a225b0 elementor-align-justify elementor-widget elementor-widget-button\" data-id=\"6a225b0\" data-element_type=\"widget\" data-widget_type=\"button.default\">\n\t\t\t\t<div class=\"elementor-widget-container\">\n\t\t\t\t\t<div class=\"elementor-button-wrapper\">\n\t\t\t<a href=\"http:\/\/www.sokkerpaek.nu\/wp-content\/uploads\/2022\/02\/SKR-2021-05.pdf\" target=\"_blank\" class=\"elementor-button-link elementor-button elementor-size-sm\" role=\"button\">\n\t\t\t\t\t\t<span class=\"elementor-button-content-wrapper\">\n\t\t\t\t\t\t<span class=\"elementor-button-text\">De Aaj S\u00f4kerp\u00e1ek - NR5<\/span>\n\t\t<\/span>\n\t\t\t\t\t<\/a>\n\t\t<\/div>\n\t\t\t\t<\/div>\n\t\t\t\t<\/div>\n\t\t\t\t\t\t<\/div>\n\t\t\t\t\t<\/div>\n\t\t<\/div>\n\t\t\t\t<div class=\"elementor-column elementor-col-50 elementor-inner-column elementor-element elementor-element-7e0437f\" data-id=\"7e0437f\" data-element_type=\"column\">\n\t\t\t<div class=\"elementor-column-wrap elementor-element-populated\">\n\t\t\t\t\t\t\t<div class=\"elementor-widget-wrap\">\n\t\t\t\t\t\t<div class=\"elementor-element elementor-element-023360d elementor-align-justify elementor-widget elementor-widget-button\" data-id=\"023360d\" data-element_type=\"widget\" data-widget_type=\"button.default\">\n\t\t\t\t<div class=\"elementor-widget-container\">\n\t\t\t\t\t<div class=\"elementor-button-wrapper\">\n\t\t\t<a href=\"http:\/\/www.sokkerpaek.nu\/wp-content\/uploads\/2022\/02\/SKR-6-2022-01.pdf\" target=\"_blank\" class=\"elementor-button-link elementor-button elementor-size-sm\" role=\"button\">\n\t\t\t\t\t\t<span class=\"elementor-button-content-wrapper\">\n\t\t\t\t\t\t<span class=\"elementor-button-text\">De Aaj S\u00f4kerp\u00e1ek - NR6<\/span>\n\t\t<\/span>\n\t\t\t\t\t<\/a>\n\t\t<\/div>\n\t\t\t\t<\/div>\n\t\t\t\t<\/div>\n\t\t\t\t\t\t<\/div>\n\t\t\t\t\t<\/div>\n\t\t<\/div>\n\t\t\t\t\t\t\t\t<\/div>\n\t\t\t\t\t<\/div>\n\t\t<\/section>\n\t\t\t\t<div class=\"elementor-element elementor-element-91082bf elementor-align-center elementor-widget elementor-widget-button\" data-id=\"91082bf\" data-element_type=\"widget\" data-widget_type=\"button.default\">\n\t\t\t\t<div class=\"elementor-widget-container\">\n\t\t\t\t\t<div class=\"elementor-button-wrapper\">\n\t\t\t<a href=\"http:\/\/www.sokkerpaek.nu\/index.php\/reisverslagen\/\" target=\"_blank\" class=\"elementor-button-link elementor-button elementor-size-sm\" role=\"button\">\n\t\t\t\t\t\t<span class=\"elementor-button-content-wrapper\">\n\t\t\t\t\t\t<span class=\"elementor-button-text\">Reisverslagen<\/span>\n\t\t<\/span>\n\t\t\t\t\t<\/a>\n\t\t<\/div>\n\t\t\t\t<\/div>\n\t\t\t\t<\/div>\n\t\t\t\t<div class=\"elementor-element elementor-element-68846fe elementor-widget elementor-widget-image\" data-id=\"68846fe\" data-element_type=\"widget\" data-widget_type=\"image.default\">\n\t\t\t\t<div class=\"elementor-widget-container\">\n\t\t\t\t\t\t\t\t<div class=\"elementor-image\">\n\t\t\t\t\t\t\t\t\t\t\t\t\t<a href=\"https:\/\/vossen.nl\/\">\n\t\t\t\t\t\t\t<img width=\"1814\" height=\"927\" src=\"https:\/\/www.sokkerpaek.nu\/wp-content\/uploads\/2020\/10\/vossen_pms-reflex-blue.png\" class=\"attachment-full size-full\" alt=\"\" loading=\"lazy\" srcset=\"https:\/\/www.sokkerpaek.nu\/wp-content\/uploads\/2020\/10\/vossen_pms-reflex-blue.png 1814w, https:\/\/www.sokkerpaek.nu\/wp-content\/uploads\/2020\/10\/vossen_pms-reflex-blue-300x153.png 300w, https:\/\/www.sokkerpaek.nu\/wp-content\/uploads\/2020\/10\/vossen_pms-reflex-blue-1024x523.png 1024w, https:\/\/www.sokkerpaek.nu\/wp-content\/uploads\/2020\/10\/vossen_pms-reflex-blue-768x392.png 768w, https:\/\/www.sokkerpaek.nu\/wp-content\/uploads\/2020\/10\/vossen_pms-reflex-blue-1536x785.png 1536w\" sizes=\"(max-width: 1814px) 100vw, 1814px\" \/>\t\t\t\t\t\t\t\t<\/a>\n\t\t\t\t\t\t\t\t\t\t\t\t\t\t<\/div>\n\t\t\t\t\t\t<\/div>\n\t\t\t\t<\/div>\n\t\t\t\t\t\t<\/div>\n\t\t\t\t\t<\/div>\n\t\t<\/div>\n\t\t\t\t\t\t\t\t<\/div>\n\t\t\t\t\t<\/div>\n\t\t<\/section>\n\t\t\t\t<section class=\"elementor-section elementor-top-section elementor-element elementor-element-b6d4040 elementor-section-boxed elementor-section-height-default elementor-section-height-default\" data-id=\"b6d4040\" data-element_type=\"section\">\n\t\t\t\t\t\t<div class=\"elementor-container elementor-column-gap-default\">\n\t\t\t\t\t\t\t<div class=\"elementor-row\">\n\t\t\t\t\t<div class=\"elementor-column elementor-col-100 elementor-top-column elementor-element elementor-element-b332431\" data-id=\"b332431\" data-element_type=\"column\">\n\t\t\t<div class=\"elementor-column-wrap elementor-element-populated\">\n\t\t\t\t\t\t\t<div class=\"elementor-widget-wrap\">\n\t\t\t\t\t\t<div class=\"elementor-element elementor-element-91f95b2 elementor-widget elementor-widget-text-editor\" data-id=\"91f95b2\" data-element_type=\"widget\" data-widget_type=\"text-editor.default\">\n\t\t\t\t<div class=\"elementor-widget-container\">\n\t\t\t\t\t\t\t\t<div class=\"elementor-text-editor elementor-clearfix\">\n\t\t\t\t<p>De Aaj-S\u00f4kkep\u00e1ek-krant<br \/>Herinneringen aan 3 x 11 bijzondere jaren 1977-2010<\/p><p><em>Kiek nog eine ki\u00e9r um\u2026<\/em> U kent \u2018m vast wel, de melancholische carnavalsklassieker. Ook wij gaan weemoedig achterom kijken. 4 x 11 jaar geleden werd joekskepel S\u00f4kkerp\u00e1ek opgericht. Het begin van een onvergetelijk tijdperk. <br \/>S\u00f4kkerp\u00e1ek schoot als een komeet uit de startblokken. De ene na de andere zaal werd plat gespeeld. Jaar in jaar uit jaarrond. In de eigen vertrouwde omgeving en (ver) daarbuiten. Ook op straat zorgden de Tegelse muzikanten voor spektakel. Legendarisch zijn bijvoorbeeld de voetbalreizen met S\u00f4kkerp\u00e1ek. Voetbalreizen door heel Europa, waar honderden dierbare herinneringen aan bewaren. <br \/>In onze digitale jubileumkrant en op onze speciale website presenteren we samen met de bekende schrijver\/historicus Paul Seelen een aaneenschakeling van hoogtepunten uit S\u00f4kkerp\u00e1eks roemrijke verleden. Verhalen, documenten en foto\u2019s waar bijna niemand nog ooit kennis van genomen heeft. <em>Ki\u00e9k met \u00f4s nog eine ki\u00ebr um<\/em>\u2026\u00a0\u00a0\u00a0\u00a0<\/p>\t\t\t\t\t<\/div>\n\t\t\t\t\t\t<\/div>\n\t\t\t\t<\/div>\n\t\t\t\t\t\t<\/div>\n\t\t\t\t\t<\/div>\n\t\t<\/div>\n\t\t\t\t\t\t\t\t<\/div>\n\t\t\t\t\t<\/div>\n\t\t<\/section>\n\t\t\t\t\t\t<\/div>\n\t\t\t\t\t\t<\/div>\n\t\t\t\t\t<\/div>\n\t\t","protected":false},"excerpt":{"rendered":"<p>DE AAJE S\u00d4KKERP\u00c1EK-KRANT Kroniek van 3&#215;11 bijzondere jaren \u00a0 info@deaajsokkerpaek.nl \/ +31 (0)6 5135 5335 De Aaj S\u00f4kerp\u00e1ek &#8211; NR1 De Aaj S\u00f4kerp\u00e1ek &#8211; NR2 De Aaj S\u00f4kerp\u00e1ek &#8211; NR3 De Aaj S\u00f4kerp\u00e1ek &#8211; NR4 De Aaj S\u00f4kerp\u00e1ek &#8211; NR5 De Aaj S\u00f4kerp\u00e1ek &#8211; NR6 Reisverslagen De Aaj-S\u00f4kkep\u00e1ek-krantHerinneringen aan 3 x 11 bijzondere jaren 1977-2010 [&hellip;]<\/p>\n","protected":false},"author":1,"featured_media":0,"parent":0,"menu_order":0,"comment_status":"closed","ping_status":"closed","template":"","meta":[],"_links":{"self":[{"href":"https:\/\/www.sokkerpaek.nu\/index.php\/wp-json\/wp\/v2\/pages\/7"}],"collection":[{"href":"https:\/\/www.sokkerpaek.nu\/index.php\/wp-json\/wp\/v2\/pages"}],"about":[{"href":"https:\/\/www.sokkerpaek.nu\/index.php\/wp-json\/wp\/v2\/types\/page"}],"author":[{"embeddable":true,"href":"https:\/\/www.sokkerpaek.nu\/index.php\/wp-json\/wp\/v2\/users\/1"}],"replies":[{"embeddable":true,"href":"https:\/\/www.sokkerpaek.nu\/index.php\/wp-json\/wp\/v2\/comments?post=7"}],"version-history":[{"count":23,"href":"https:\/\/www.sokkerpaek.nu\/index.php\/wp-json\/wp\/v2\/pages\/7\/revisions"}],"predecessor-version":[{"id":107,"href":"https:\/\/www.sokkerpaek.nu\/index.php\/wp-json\/wp\/v2\/pages\/7\/revisions\/107"}],"wp:attachment":[{"href":"https:\/\/www.sokkerpaek.nu\/index.php\/wp-json\/wp\/v2\/media?parent=7"}],"curies":[{"name":"wp","href":"https:\/\/api.w.org\/{rel}","templated":true}]}}